{"id":228,"date":"2026-03-28T03:27:35","date_gmt":"2026-03-28T03:27:35","guid":{"rendered":"https:\/\/campingmall.azdigi.shop\/?post_type=product&#038;p=228"},"modified":"2026-04-10T12:24:41","modified_gmt":"2026-04-10T12:24:41","slug":"leu-tenda-campkeun-pyramid-5-6-nguoi","status":"publish","type":"product","link":"https:\/\/campingmall.azdigi.shop\/?product=leu-tenda-campkeun-pyramid-5-6-nguoi","title":{"rendered":"L\u1ec0U TENDA CAMPKEUN PYRAMID GLAMPING 5-6 NG\u01af\u1edcI"},"content":{"rendered":"<h1 data-section-id=\"9uscis\" data-start=\"93\" data-end=\"189\"><span style=\"font-size: 115%;\">L\u1ec1u Tenda Campkeun Pyramid Glamping 5-6 Ng\u01b0\u1eddi \u2013 L\u1ec1u kim t\u1ef1 th\u00e1p phong c\u00e1ch, r\u1ed9ng r\u00e3i, \u1ea5n t\u01b0\u1ee3ng<\/span><\/h1>\n<p data-start=\"267\" data-end=\"514\"><span style=\"font-size: 115%;\">N\u1ebfu b\u1ea1n \u0111ang t\u00ecm m\u1ed9t chi\u1ebfc l\u1ec1u v\u1eeba r\u1ed9ng r\u00e3i v\u1eeba c\u00f3 t\u00ednh th\u1ea9m m\u1ef9 cao cho nh\u1eefng chuy\u1ebfn \u0111i \u201cs\u1ed1ng \u1ea3o\u201d, <strong data-start=\"366\" data-end=\"415\">L\u1ec1u Tenda Campkeun Pyramid Glamping 5-6 ng\u01b0\u1eddi<\/strong> l\u00e0 l\u1ef1a ch\u1ecdn c\u1ef1c k\u1ef3 n\u1ed5i b\u1eadt. Thi\u1ebft k\u1ebf kim t\u1ef1 th\u00e1p \u0111\u1ed9c \u0111\u00e1o mang l\u1ea1i tr\u1ea3i nghi\u1ec7m glamping \u0111\u00fang ngh\u0129a.<\/span><\/p>\n<h2 data-section-id=\"1bwo3jm\" data-start=\"521\" data-end=\"574\"><span style=\"font-size: 115%;\">Thi\u1ebft k\u1ebf kim t\u1ef1 th\u00e1p \u2013 Phong c\u00e1ch glamping n\u1ed5i b\u1eadt<\/span><\/h2>\n<p data-start=\"576\" data-end=\"608\"><span style=\"font-size: 115%;\">\u0110i\u1ec3m kh\u00e1c bi\u1ec7t c\u1ee7a l\u1ec1u Campkeun:<\/span><\/p>\n<ul data-start=\"610\" data-end=\"722\">\n<li data-section-id=\"16oi8y2\" data-start=\"610\" data-end=\"656\"><span style=\"font-size: 115%;\">Thi\u1ebft k\u1ebf <strong data-start=\"621\" data-end=\"646\">pyramid (kim t\u1ef1 th\u00e1p)<\/strong> \u0111\u1ed9c \u0111\u00e1o<\/span><\/li>\n<li data-section-id=\"o8jtq1\" data-start=\"657\" data-end=\"689\"><span style=\"font-size: 115%;\">Phong c\u00e1ch glamping hi\u1ec7n \u0111\u1ea1i<\/span><\/li>\n<li data-section-id=\"1vj6s2k\" data-start=\"690\" data-end=\"722\"><span style=\"font-size: 115%;\">Kh\u00f4ng gian m\u1edf, tho\u00e1ng v\u00e0 \u0111\u1eb9p<\/span><\/li>\n<\/ul>\n<p data-start=\"724\" data-end=\"769\"><span style=\"font-size: 115%;\">\ud83d\udc49 R\u1ea5t ph\u00f9 h\u1ee3p ch\u1ee5p \u1ea3nh, chill v\u00e0 ngh\u1ec9 d\u01b0\u1ee1ng.<\/span><\/p>\n<h2 data-section-id=\"1l9c40v\" data-start=\"776\" data-end=\"808\"><span style=\"font-size: 115%;\">Kh\u00f4ng gian r\u1ed9ng cho 5-6 ng\u01b0\u1eddi<\/span><\/h2>\n<ul data-start=\"810\" data-end=\"903\">\n<li data-section-id=\"1sesjjj\" data-start=\"810\" data-end=\"832\"><span style=\"font-size: 115%;\">S\u1ee9c ch\u1ee9a 5\u20136 ng\u01b0\u1eddi<\/span><\/li>\n<li data-section-id=\"1gogd3g\" data-start=\"833\" data-end=\"868\"><span style=\"font-size: 115%;\">C\u00f3 th\u1ec3 \u0111\u1ee9ng tho\u1ea3i m\u00e1i b\u00ean trong<\/span><\/li>\n<li data-section-id=\"himfj4\" data-start=\"869\" data-end=\"903\"><span style=\"font-size: 115%;\">Ph\u00f9 h\u1ee3p gia \u0111\u00ecnh ho\u1eb7c nh\u00f3m b\u1ea1n<\/span><\/li>\n<\/ul>\n<p data-start=\"905\" data-end=\"946\"><span style=\"font-size: 115%;\">\ud83d\udc49 V\u1eeba \u0111\u1ee7 r\u1ed9ng \u0111\u1ec3 sinh ho\u1ea1t v\u00e0 ngh\u1ec9 ng\u01a1i.<\/span><\/p>\n<h2 data-section-id=\"n3jjti\" data-start=\"953\" data-end=\"987\"><span style=\"font-size: 115%;\">Ch\u1ed1ng n\u1eafng \u2013 ch\u1ed1ng m\u01b0a hi\u1ec7u qu\u1ea3<\/span><\/h2>\n<ul data-start=\"989\" data-end=\"1078\">\n<li data-section-id=\"vrqnzk\" data-start=\"989\" data-end=\"1011\"><span style=\"font-size: 115%;\">V\u1ea3i ch\u1ed1ng n\u01b0\u1edbc t\u1ed1t<\/span><\/li>\n<li data-section-id=\"1pt6004\" data-start=\"1012\" data-end=\"1030\"><span style=\"font-size: 115%;\">H\u1ea1n ch\u1ebf tia UV<\/span><\/li>\n<li data-section-id=\"ckibf1\" data-start=\"1031\" data-end=\"1078\"><span style=\"font-size: 115%;\">S\u1eed d\u1ee5ng linh ho\u1ea1t nhi\u1ec1u \u0111i\u1ec1u ki\u1ec7n th\u1eddi ti\u1ebft<\/span><\/li>\n<\/ul>\n<p data-start=\"1080\" data-end=\"1112\"><span style=\"font-size: 115%;\">\ud83d\udc49 Y\u00ean t\u00e2m khi camping d\u00e0i ng\u00e0y.<\/span><\/p>\n<h2 data-section-id=\"2tup2l\" data-start=\"1119\" data-end=\"1152\"><span style=\"font-size: 115%;\">Thi\u1ebft k\u1ebf th\u00f4ng tho\u00e1ng, d\u1ec5 ch\u1ecbu<\/span><\/h2>\n<ul data-start=\"1154\" data-end=\"1233\">\n<li data-section-id=\"x4zsmr\" data-start=\"1154\" data-end=\"1188\"><span style=\"font-size: 115%;\">C\u00f3 c\u1eeda v\u00e0 l\u01b0\u1edbi ch\u1ed1ng c\u00f4n tr\u00f9ng<\/span><\/li>\n<li data-section-id=\"hkgf6p\" data-start=\"1189\" data-end=\"1216\"><span style=\"font-size: 115%;\">L\u01b0u th\u00f4ng kh\u00f4ng kh\u00ed t\u1ed1t<\/span><\/li>\n<li data-section-id=\"bjbo8j\" data-start=\"1217\" data-end=\"1233\"><span style=\"font-size: 115%;\">Gi\u1ea3m b\u00ed n\u00f3ng<\/span><\/li>\n<\/ul>\n<p data-start=\"1235\" data-end=\"1264\"><span style=\"font-size: 115%;\">\ud83d\udc49 Tho\u1ea3i m\u00e1i khi ng\u1ee7 qua \u0111\u00eam.<\/span><\/p>\n<h2 data-section-id=\"19omjue\" data-start=\"1271\" data-end=\"1299\"><span style=\"font-size: 115%;\">Khung trung t\u00e2m ch\u1eafc ch\u1eafn<\/span><\/h2>\n<ul data-start=\"1301\" data-end=\"1374\">\n<li data-section-id=\"z8zbzp\" data-start=\"1301\" data-end=\"1323\"><span style=\"font-size: 115%;\">C\u1ed9t tr\u1ee5 ch\u00ednh v\u1eefng<\/span><\/li>\n<li data-section-id=\"zj0pve\" data-start=\"1324\" data-end=\"1351\"><span style=\"font-size: 115%;\">D\u00e2y neo c\u1ed1 \u0111\u1ecbnh \u1ed5n \u0111\u1ecbnh<\/span><\/li>\n<li data-section-id=\"aqmrgp\" data-start=\"1352\" data-end=\"1374\"><span style=\"font-size: 115%;\">Ch\u1ecbu gi\u00f3 \u1edf m\u1ee9c t\u1ed1t<\/span><\/li>\n<\/ul>\n<p data-start=\"1376\" data-end=\"1418\"><span style=\"font-size: 115%;\">\ud83d\udc49 Ph\u00f9 h\u1ee3p s\u1eed d\u1ee5ng \u1edf b\u00e3i tr\u1ed1ng, \u0111\u1ed3i, bi\u1ec3n.<\/span><\/p>\n<h2 data-section-id=\"1no6mnz\" data-start=\"1425\" data-end=\"1462\"><span style=\"font-size: 115%;\">Setup \u0111\u01a1n gi\u1ea3n, kh\u00f4ng qu\u00e1 ph\u1ee9c t\u1ea1p<\/span><\/h2>\n<ul data-start=\"1464\" data-end=\"1555\">\n<li data-section-id=\"180jez1\" data-start=\"1464\" data-end=\"1495\"><span style=\"font-size: 115%;\">D\u1ef1ng theo ki\u1ec3u l\u1ec1u tr\u1ee5 gi\u1eefa<\/span><\/li>\n<li data-section-id=\"1vyiolr\" data-start=\"1496\" data-end=\"1525\"><span style=\"font-size: 115%;\">Kh\u00f4ng c\u1ea7n qu\u00e1 nhi\u1ec1u ng\u01b0\u1eddi<\/span><\/li>\n<li data-section-id=\"1azewc1\" data-start=\"1526\" data-end=\"1555\"><span style=\"font-size: 115%;\">D\u1ec5 l\u00e0m quen cho ng\u01b0\u1eddi m\u1edbi<\/span><\/li>\n<\/ul>\n<p data-start=\"1557\" data-end=\"1584\"><span style=\"font-size: 115%;\">\ud83d\udc49 Ti\u1ec7n l\u1ee3i khi \u0111i camping.<\/span><\/p>\n<h2 data-section-id=\"p4jdo1\" data-start=\"1591\" data-end=\"1616\"><span style=\"font-size: 115%;\">G\u1ecdn g\u00e0ng, d\u1ec5 mang theo<\/span><\/h2>\n<ul data-start=\"1618\" data-end=\"1700\">\n<li data-section-id=\"qb045c\" data-start=\"1618\" data-end=\"1640\"><span style=\"font-size: 115%;\">C\u00f3 t\u00fai \u0111\u1ef1ng \u0111i k\u00e8m<\/span><\/li>\n<li data-section-id=\"gu1qv9\" data-start=\"1641\" data-end=\"1668\"><span style=\"font-size: 115%;\">G\u1ea5p g\u1ecdn sau khi s\u1eed d\u1ee5ng<\/span><\/li>\n<li data-section-id=\"bvw1kr\" data-start=\"1669\" data-end=\"1700\"><span style=\"font-size: 115%;\">Ph\u00f9 h\u1ee3p di chuy\u1ec3n b\u1eb1ng \u00f4 t\u00f4<\/span><\/li>\n<\/ul>\n<p data-start=\"1702\" data-end=\"1741\"><span style=\"font-size: 115%;\">\ud83d\udc49 D\u1ec5 d\u00e0ng mang theo cho m\u1ecdi chuy\u1ebfn \u0111i.<\/span><\/p>\n<h2 data-section-id=\"19et5h3\" data-start=\"1748\" data-end=\"1774\"><span style=\"font-size: 115%;\">Ph\u00f9 h\u1ee3p nhi\u1ec1u ho\u1ea1t \u0111\u1ed9ng<\/span><\/h2>\n<p data-start=\"1776\" data-end=\"1811\"><span style=\"font-size: 115%;\">L\u1ec1u Campkeun Pyramid th\u00edch h\u1ee3p cho:<\/span><\/p>\n<ul data-start=\"1813\" data-end=\"1911\">\n<li data-section-id=\"tv2lli\" data-start=\"1813\" data-end=\"1846\"><span style=\"font-size: 115%;\">Glamping (camping phong c\u00e1ch)<\/span><\/li>\n<li data-section-id=\"1tvsbf7\" data-start=\"1847\" data-end=\"1867\"><span style=\"font-size: 115%;\">Picnic, d\u00e3 ngo\u1ea1i<\/span><\/li>\n<li data-section-id=\"1p4uo5f\" data-start=\"1868\" data-end=\"1888\"><span style=\"font-size: 115%;\">Camping gia \u0111\u00ecnh<\/span><\/li>\n<li data-section-id=\"1657pjn\" data-start=\"1889\" data-end=\"1911\"><span style=\"font-size: 115%;\">Check-in, ch\u1ee5p \u1ea3nh<\/span><\/li>\n<\/ul>\n<p data-start=\"1913\" data-end=\"1956\"><span style=\"font-size: 115%;\">\ud83d\udc49 V\u1eeba d\u00f9ng ngh\u1ec9 ng\u01a1i, v\u1eeba t\u1ea1o tr\u1ea3i nghi\u1ec7m.<\/span><\/p>\n<h2 data-section-id=\"flqduf\" data-start=\"1963\" data-end=\"2003\"><span style=\"font-size: 115%;\">V\u00ec sao n\u00ean ch\u1ecdn l\u1ec1u Campkeun Pyramid?<\/span><\/h2>\n<ul data-start=\"2005\" data-end=\"2105\">\n<li data-section-id=\"1cukzya\" data-start=\"2005\" data-end=\"2030\"><span style=\"font-size: 115%;\">Thi\u1ebft k\u1ebf \u0111\u1eb9p, \u0111\u1ed9c \u0111\u00e1o<\/span><\/li>\n<li data-section-id=\"8gfuo8\" data-start=\"2031\" data-end=\"2060\"><span style=\"font-size: 115%;\">Kh\u00f4ng gian r\u1ed9ng 5\u20136 ng\u01b0\u1eddi<\/span><\/li>\n<li data-section-id=\"1fdbap1\" data-start=\"2061\" data-end=\"2081\"><span style=\"font-size: 115%;\">Ph\u00f9 h\u1ee3p glamping<\/span><\/li>\n<li data-section-id=\"juo1ny\" data-start=\"2082\" data-end=\"2105\"><span style=\"font-size: 115%;\">D\u1ec5 d\u1ef1ng, d\u1ec5 s\u1eed d\u1ee5ng<\/span><\/li>\n<\/ul>\n<h2 data-section-id=\"11x5u5b\" data-start=\"2112\" data-end=\"2123\"><span style=\"font-size: 115%;\">K\u1ebft lu\u1eadn<\/span><\/h2>\n<p data-start=\"2125\" data-end=\"2267\"><span style=\"font-size: 115%;\"><strong data-start=\"2125\" data-end=\"2174\">L\u1ec1u Tenda Campkeun Pyramid Glamping 5-6 ng\u01b0\u1eddi<\/strong> l\u00e0 l\u1ef1a ch\u1ecdn ho\u00e0n h\u1ea3o cho nh\u1eefng ai mu\u1ed1n m\u1ed9t chi\u1ebfc l\u1ec1u <strong data-start=\"2228\" data-end=\"2266\">\u0111\u1eb9p \u2013 r\u1ed9ng \u2013 tr\u1ea3i nghi\u1ec7m kh\u00e1c bi\u1ec7t<\/strong>.<\/span><\/p>\n<p data-start=\"2269\" data-end=\"2347\"><span style=\"font-size: 115%;\">\ud83d\udc49 N\u1ebfu b\u1ea1n th\u00edch camping ki\u1ec3u chill, s\u1ed1ng \u1ea3o, \u0111\u00e2y l\u00e0 s\u1ea3n ph\u1ea9m r\u1ea5t \u0111\u00e1ng \u0111\u1ea7u t\u01b0.<\/span><\/p>\n","protected":false},"excerpt":{"rendered":"<p>L\u1ec1u Tenda Campkeun Pyramid Glamping 5-6 Ng\u01b0\u1eddi \u2013 L\u1ec1u kim t\u1ef1 th\u00e1p phong c\u00e1ch, r\u1ed9ng r\u00e3i, \u1ea5n t\u01b0\u1ee3ng N\u1ebfu b\u1ea1n \u0111ang t\u00ecm m\u1ed9t chi\u1ebfc l\u1ec1u v\u1eeba r\u1ed9ng r\u00e3i v\u1eeba c\u00f3 t\u00ednh th\u1ea9m m\u1ef9 cao cho nh\u1eefng chuy\u1ebfn \u0111i \u201cs\u1ed1ng \u1ea3o\u201d, L\u1ec1u Tenda Campkeun Pyramid Glamping 5-6 ng\u01b0\u1eddi l\u00e0 l\u1ef1a ch\u1ecdn c\u1ef1c k\u1ef3 n\u1ed5i b\u1eadt. Thi\u1ebft [&#8230;]\n","protected":false},"featured_media":171,"comment_status":"open","ping_status":"closed","template":"","meta":[],"product_brand":[],"product_cat":[20],"product_tag":[],"class_list":{"0":"post-228","1":"product","2":"type-product","3":"status-publish","4":"has-post-thumbnail","6":"product_cat-leu-tien-dung","8":"first","9":"instock","10":"sale","11":"shipping-taxable","12":"purchasable","13":"product-type-variable"},"yoast_head":"<!-- This site is optimized with the Yoast SEO plugin v27.2 - https:\/\/yoast.com\/product\/yoast-seo-wordpress\/ -->\n<title>L\u1ec0U TENDA CAMPKEUN PYRAMID GLAMPING 5-6 NG\u01af\u1edcI - CAMPING MALL<\/title>\n<meta name=\"description\" content=\"L\u1ec1u Tenda Campkeun Pyramid 5-6 ng\u01b0\u1eddi thi\u1ebft k\u1ebf kim t\u1ef1 th\u00e1p \u0111\u1eb9p, r\u1ed9ng r\u00e3i, ch\u1ed1ng n\u01b0\u1edbc t\u1ed1t, ph\u00f9 h\u1ee3p glamping v\u00e0 d\u00e3 ngo\u1ea1i.\" \/>\n<meta name=\"robots\" content=\"noindex, follow, max-snippet:-1, max-image-preview:large, max-video-preview:-1\" \/>\n<meta property=\"og:locale\" content=\"vi_VN\" \/>\n<meta property=\"og:type\" content=\"article\" \/>\n<meta property=\"og:title\" content=\"L\u1ec0U TENDA CAMPKEUN PYRAMID GLAMPING 5-6 NG\u01af\u1edcI - CAMPING MALL\" \/>\n<meta property=\"og:description\" content=\"L\u1ec1u Tenda Campkeun Pyramid 5-6 ng\u01b0\u1eddi thi\u1ebft k\u1ebf kim t\u1ef1 th\u00e1p \u0111\u1eb9p, r\u1ed9ng r\u00e3i, ch\u1ed1ng n\u01b0\u1edbc t\u1ed1t, ph\u00f9 h\u1ee3p glamping v\u00e0 d\u00e3 ngo\u1ea1i.\" \/>\n<meta property=\"og:url\" content=\"https:\/\/campingmall.azdigi.shop\/?product=leu-tenda-campkeun-pyramid-5-6-nguoi\" \/>\n<meta property=\"og:site_name\" content=\"CAMPING MALL\" \/>\n<meta property=\"article:modified_time\" content=\"2026-04-10T12:24:41+00:00\" \/>\n<meta property=\"og:image\" content=\"https:\/\/campingmall.azdigi.shop\/wp-content\/uploads\/2026\/03\/TENDA-Campkeun-Pyramid-Glamping-Tent-5-6-people-Aesthetic-Camping-Tent-camphack-campgear.jpg\" \/>\n\t<meta property=\"og:image:width\" content=\"736\" \/>\n\t<meta property=\"og:image:height\" content=\"736\" \/>\n\t<meta property=\"og:image:type\" content=\"image\/jpeg\" \/>\n<meta name=\"twitter:card\" content=\"summary_large_image\" \/>\n<meta name=\"twitter:label1\" content=\"\u01af\u1edbc t\u00ednh th\u1eddi gian \u0111\u1ecdc\" \/>\n\t<meta name=\"twitter:data1\" content=\"3 ph\u00fat\" \/>\n<script type=\"application\/ld+json\" class=\"yoast-schema-graph\">{\"@context\":\"https:\/\/schema.org\",\"@graph\":[{\"@type\":\"WebPage\",\"@id\":\"https:\/\/campingmall.azdigi.shop\/?product=leu-tenda-campkeun-pyramid-5-6-nguoi\",\"url\":\"https:\/\/campingmall.azdigi.shop\/?product=leu-tenda-campkeun-pyramid-5-6-nguoi\",\"name\":\"L\u1ec0U TENDA CAMPKEUN PYRAMID GLAMPING 5-6 NG\u01af\u1edcI - CAMPING MALL\",\"isPartOf\":{\"@id\":\"https:\/\/campingmall.azdigi.shop\/#website\"},\"primaryImageOfPage\":{\"@id\":\"https:\/\/campingmall.azdigi.shop\/?product=leu-tenda-campkeun-pyramid-5-6-nguoi#primaryimage\"},\"image\":{\"@id\":\"https:\/\/campingmall.azdigi.shop\/?product=leu-tenda-campkeun-pyramid-5-6-nguoi#primaryimage\"},\"thumbnailUrl\":\"https:\/\/campingmall.azdigi.shop\/wp-content\/uploads\/2026\/03\/TENDA-Campkeun-Pyramid-Glamping-Tent-5-6-people-Aesthetic-Camping-Tent-camphack-campgear.jpg\",\"datePublished\":\"2026-03-28T03:27:35+00:00\",\"dateModified\":\"2026-04-10T12:24:41+00:00\",\"description\":\"L\u1ec1u Tenda Campkeun Pyramid 5-6 ng\u01b0\u1eddi thi\u1ebft k\u1ebf kim t\u1ef1 th\u00e1p \u0111\u1eb9p, r\u1ed9ng r\u00e3i, ch\u1ed1ng n\u01b0\u1edbc t\u1ed1t, ph\u00f9 h\u1ee3p glamping v\u00e0 d\u00e3 ngo\u1ea1i.\",\"breadcrumb\":{\"@id\":\"https:\/\/campingmall.azdigi.shop\/?product=leu-tenda-campkeun-pyramid-5-6-nguoi#breadcrumb\"},\"inLanguage\":\"vi\",\"potentialAction\":[{\"@type\":\"ReadAction\",\"target\":[\"https:\/\/campingmall.azdigi.shop\/?product=leu-tenda-campkeun-pyramid-5-6-nguoi\"]}]},{\"@type\":\"ImageObject\",\"inLanguage\":\"vi\",\"@id\":\"https:\/\/campingmall.azdigi.shop\/?product=leu-tenda-campkeun-pyramid-5-6-nguoi#primaryimage\",\"url\":\"https:\/\/campingmall.azdigi.shop\/wp-content\/uploads\/2026\/03\/TENDA-Campkeun-Pyramid-Glamping-Tent-5-6-people-Aesthetic-Camping-Tent-camphack-campgear.jpg\",\"contentUrl\":\"https:\/\/campingmall.azdigi.shop\/wp-content\/uploads\/2026\/03\/TENDA-Campkeun-Pyramid-Glamping-Tent-5-6-people-Aesthetic-Camping-Tent-camphack-campgear.jpg\",\"width\":736,\"height\":736},{\"@type\":\"BreadcrumbList\",\"@id\":\"https:\/\/campingmall.azdigi.shop\/?product=leu-tenda-campkeun-pyramid-5-6-nguoi#breadcrumb\",\"itemListElement\":[{\"@type\":\"ListItem\",\"position\":1,\"name\":\"Trang ch\u1ee7\",\"item\":\"https:\/\/campingmall.azdigi.shop\/\"},{\"@type\":\"ListItem\",\"position\":2,\"name\":\"C\u1eeda h\u00e0ng\",\"item\":\"https:\/\/campingmall.azdigi.shop\/?page_id=123\"},{\"@type\":\"ListItem\",\"position\":3,\"name\":\"L\u1ec0U TENDA CAMPKEUN PYRAMID GLAMPING 5-6 NG\u01af\u1edcI\"}]},{\"@type\":\"WebSite\",\"@id\":\"https:\/\/campingmall.azdigi.shop\/#website\",\"url\":\"https:\/\/campingmall.azdigi.shop\/\",\"name\":\"CAMPING MALL\",\"description\":\"\",\"potentialAction\":[{\"@type\":\"SearchAction\",\"target\":{\"@type\":\"EntryPoint\",\"urlTemplate\":\"https:\/\/campingmall.azdigi.shop\/?s={search_term_string}\"},\"query-input\":{\"@type\":\"PropertyValueSpecification\",\"valueRequired\":true,\"valueName\":\"search_term_string\"}}],\"inLanguage\":\"vi\"}]}<\/script>\n<!-- \/ Yoast SEO plugin. -->","yoast_head_json":{"title":"L\u1ec0U TENDA CAMPKEUN PYRAMID GLAMPING 5-6 NG\u01af\u1edcI - CAMPING MALL","description":"L\u1ec1u Tenda Campkeun Pyramid 5-6 ng\u01b0\u1eddi thi\u1ebft k\u1ebf kim t\u1ef1 th\u00e1p \u0111\u1eb9p, r\u1ed9ng r\u00e3i, ch\u1ed1ng n\u01b0\u1edbc t\u1ed1t, ph\u00f9 h\u1ee3p glamping v\u00e0 d\u00e3 ngo\u1ea1i.","robots":{"index":"noindex","follow":"follow","max-snippet":"max-snippet:-1","max-image-preview":"max-image-preview:large","max-video-preview":"max-video-preview:-1"},"og_locale":"vi_VN","og_type":"article","og_title":"L\u1ec0U TENDA CAMPKEUN PYRAMID GLAMPING 5-6 NG\u01af\u1edcI - CAMPING MALL","og_description":"L\u1ec1u Tenda Campkeun Pyramid 5-6 ng\u01b0\u1eddi thi\u1ebft k\u1ebf kim t\u1ef1 th\u00e1p \u0111\u1eb9p, r\u1ed9ng r\u00e3i, ch\u1ed1ng n\u01b0\u1edbc t\u1ed1t, ph\u00f9 h\u1ee3p glamping v\u00e0 d\u00e3 ngo\u1ea1i.","og_url":"https:\/\/campingmall.azdigi.shop\/?product=leu-tenda-campkeun-pyramid-5-6-nguoi","og_site_name":"CAMPING MALL","article_modified_time":"2026-04-10T12:24:41+00:00","og_image":[{"width":736,"height":736,"url":"https:\/\/campingmall.azdigi.shop\/wp-content\/uploads\/2026\/03\/TENDA-Campkeun-Pyramid-Glamping-Tent-5-6-people-Aesthetic-Camping-Tent-camphack-campgear.jpg","type":"image\/jpeg"}],"twitter_card":"summary_large_image","twitter_misc":{"\u01af\u1edbc t\u00ednh th\u1eddi gian \u0111\u1ecdc":"3 ph\u00fat"},"schema":{"@context":"https:\/\/schema.org","@graph":[{"@type":"WebPage","@id":"https:\/\/campingmall.azdigi.shop\/?product=leu-tenda-campkeun-pyramid-5-6-nguoi","url":"https:\/\/campingmall.azdigi.shop\/?product=leu-tenda-campkeun-pyramid-5-6-nguoi","name":"L\u1ec0U TENDA CAMPKEUN PYRAMID GLAMPING 5-6 NG\u01af\u1edcI - CAMPING MALL","isPartOf":{"@id":"https:\/\/campingmall.azdigi.shop\/#website"},"primaryImageOfPage":{"@id":"https:\/\/campingmall.azdigi.shop\/?product=leu-tenda-campkeun-pyramid-5-6-nguoi#primaryimage"},"image":{"@id":"https:\/\/campingmall.azdigi.shop\/?product=leu-tenda-campkeun-pyramid-5-6-nguoi#primaryimage"},"thumbnailUrl":"https:\/\/campingmall.azdigi.shop\/wp-content\/uploads\/2026\/03\/TENDA-Campkeun-Pyramid-Glamping-Tent-5-6-people-Aesthetic-Camping-Tent-camphack-campgear.jpg","datePublished":"2026-03-28T03:27:35+00:00","dateModified":"2026-04-10T12:24:41+00:00","description":"L\u1ec1u Tenda Campkeun Pyramid 5-6 ng\u01b0\u1eddi thi\u1ebft k\u1ebf kim t\u1ef1 th\u00e1p \u0111\u1eb9p, r\u1ed9ng r\u00e3i, ch\u1ed1ng n\u01b0\u1edbc t\u1ed1t, ph\u00f9 h\u1ee3p glamping v\u00e0 d\u00e3 ngo\u1ea1i.","breadcrumb":{"@id":"https:\/\/campingmall.azdigi.shop\/?product=leu-tenda-campkeun-pyramid-5-6-nguoi#breadcrumb"},"inLanguage":"vi","potentialAction":[{"@type":"ReadAction","target":["https:\/\/campingmall.azdigi.shop\/?product=leu-tenda-campkeun-pyramid-5-6-nguoi"]}]},{"@type":"ImageObject","inLanguage":"vi","@id":"https:\/\/campingmall.azdigi.shop\/?product=leu-tenda-campkeun-pyramid-5-6-nguoi#primaryimage","url":"https:\/\/campingmall.azdigi.shop\/wp-content\/uploads\/2026\/03\/TENDA-Campkeun-Pyramid-Glamping-Tent-5-6-people-Aesthetic-Camping-Tent-camphack-campgear.jpg","contentUrl":"https:\/\/campingmall.azdigi.shop\/wp-content\/uploads\/2026\/03\/TENDA-Campkeun-Pyramid-Glamping-Tent-5-6-people-Aesthetic-Camping-Tent-camphack-campgear.jpg","width":736,"height":736},{"@type":"BreadcrumbList","@id":"https:\/\/campingmall.azdigi.shop\/?product=leu-tenda-campkeun-pyramid-5-6-nguoi#breadcrumb","itemListElement":[{"@type":"ListItem","position":1,"name":"Trang ch\u1ee7","item":"https:\/\/campingmall.azdigi.shop\/"},{"@type":"ListItem","position":2,"name":"C\u1eeda h\u00e0ng","item":"https:\/\/campingmall.azdigi.shop\/?page_id=123"},{"@type":"ListItem","position":3,"name":"L\u1ec0U TENDA CAMPKEUN PYRAMID GLAMPING 5-6 NG\u01af\u1edcI"}]},{"@type":"WebSite","@id":"https:\/\/campingmall.azdigi.shop\/#website","url":"https:\/\/campingmall.azdigi.shop\/","name":"CAMPING MALL","description":"","potentialAction":[{"@type":"SearchAction","target":{"@type":"EntryPoint","urlTemplate":"https:\/\/campingmall.azdigi.shop\/?s={search_term_string}"},"query-input":{"@type":"PropertyValueSpecification","valueRequired":true,"valueName":"search_term_string"}}],"inLanguage":"vi"}]}},"_links":{"self":[{"href":"https:\/\/campingmall.azdigi.shop\/index.php?rest_route=\/wp\/v2\/product\/228","targetHints":{"allow":["GET"]}}],"collection":[{"href":"https:\/\/campingmall.azdigi.shop\/index.php?rest_route=\/wp\/v2\/product"}],"about":[{"href":"https:\/\/campingmall.azdigi.shop\/index.php?rest_route=\/wp\/v2\/types\/product"}],"replies":[{"embeddable":true,"href":"https:\/\/campingmall.azdigi.shop\/index.php?rest_route=%2Fwp%2Fv2%2Fcomments&post=228"}],"wp:featuredmedia":[{"embeddable":true,"href":"https:\/\/campingmall.azdigi.shop\/index.php?rest_route=\/wp\/v2\/media\/171"}],"wp:attachment":[{"href":"https:\/\/campingmall.azdigi.shop\/index.php?rest_route=%2Fwp%2Fv2%2Fmedia&parent=228"}],"wp:term":[{"taxonomy":"product_brand","embeddable":true,"href":"https:\/\/campingmall.azdigi.shop\/index.php?rest_route=%2Fwp%2Fv2%2Fproduct_brand&post=228"},{"taxonomy":"product_cat","embeddable":true,"href":"https:\/\/campingmall.azdigi.shop\/index.php?rest_route=%2Fwp%2Fv2%2Fproduct_cat&post=228"},{"taxonomy":"product_tag","embeddable":true,"href":"https:\/\/campingmall.azdigi.shop\/index.php?rest_route=%2Fwp%2Fv2%2Fproduct_tag&post=228"}],"curies":[{"name":"wp","href":"https:\/\/api.w.org\/{rel}","templated":true}]}}